{"id":3752,"date":"2024-07-18T14:17:49","date_gmt":"2024-07-18T12:17:49","guid":{"rendered":"https:\/\/www.banyuaiki.it\/?page_id=3752"},"modified":"2026-08-21T16:08:23","modified_gmt":"2026-08-21T14:08:23","slug":"aikido-banyuaiki-dojo-firenze","status":"publish","type":"page","link":"https:\/\/www.banyuaiki.it\/archivio\/aikido-banyuaiki-dojo-firenze\/","title":{"rendered":"Banyuaiki D\u014dj\u014d Firenze"},"content":{"rendered":"\n<p class=\"wp-block-paragraph\"><strong>Nota archivio<\/strong><br>Questa pagina appartiene alla precedente versione del sito. Orari, sedi, contatti e altre informazioni pratiche riportate qui possono non essere pi\u00f9 aggiornati. Per le informazioni attuali, consulta il sito corrente.<\/p>\n\n\n\n<blockquote class=\"wp-block-quote is-layout-flow wp-block-quote-is-layout-flow\">\n<p class=\"wp-block-paragraph\">Da ottobre 2024 abbiamo portato a Firenze la passione e l&#8217;esperienza ventennale del Banyuaiki D\u014dj\u014d di Roma, nel solco degli insegnamenti del Maestro Tada Hiroshi. Il corso \u00e8 aperto a tutti dai&nbsp;15&nbsp;anni&nbsp;in&nbsp;su.<\/p>\n<\/blockquote>\n\n\n\n<p class=\"wp-block-paragraph\"><em>Responsabile del D\u014dj\u014d<\/em>: M\u00b0 Marco La Pera, Aikikai 6\u00b0 dan<\/p>\n\n\n\n<p class=\"wp-block-paragraph\"><em>Insegnante<\/em>: Michele Amico, Aikikai 2\u00b0 dan<\/p>\n\n\n\n<p class=\"wp-block-paragraph\"><em>Orario delle lezioni<\/em>: marted\u00ec e gioved\u00ec 20:30 &#8211; 22:00.<\/p>\n\n\n\n<p class=\"wp-block-paragraph\">presso \u201c<a href=\"https:\/\/www.busenfirenze.it\/\">Busen Firenze ASD<\/a>\u201d<br>Via Giovanni Lanza, 5E<br>50136 Firenze<\/p>\n\n\n\n<p class=\"wp-block-paragraph\"><em>Per info<\/em>: Michele Amico (Whatsapp) +39 373 732 1681<\/p>\n\n\n\n<p class=\"wp-block-paragraph\">Michele Amico \u00e8 nato a Palermo nel 1975. Dopo aver conseguito la laurea in Ingegneria Gestionale e il dottorato in Ingegneria della Produzione, si \u00e8 trasferito per lavoro a Roma, dove ha vissuto fino al 2020. Dal 2005 al 2020 ha praticato aikid\u014d presso il Banyuaiki D\u014dj\u014d Roma con il Maestro Marco La Pera. Nel 2018 ha completato il percorso professionale di operatore shiatsu presso l\u2019Accademia Italiana Shiatsu Do; ha svolto oltre 800 ore di pratica certificata ed ha approfondito tematiche specifiche come il trattamento del collo, dell\u2019addome e di mani e piedi, nonch\u00e9 di discipline affini allo shiatsu come il massaggio tradizionale thailandese.<\/p>\n\n\n\n<p class=\"wp-block-paragraph\">Dal 2021 vive e lavora a Firenze.<\/p>\n\n\n\n<figure class=\"wp-block-image size-large\"><a href=\"https:\/\/www.banyuaiki.it\/archivio\/wp-content\/uploads\/2025\/03\/volantino-bya-firenze-25-busen_2-hd-scaled.jpg\"><img loading=\"lazy\" decoding=\"async\" width=\"724\" height=\"1024\" src=\"https:\/\/www.banyuaiki.it\/archivio\/wp-content\/uploads\/2025\/03\/volantino-bya-firenze-25-busen_2-hd-724x1024.jpg\" alt=\"\" class=\"wp-image-4497\" srcset=\"https:\/\/www.banyuaiki.it\/archivio\/wp-content\/uploads\/2025\/03\/volantino-bya-firenze-25-busen_2-hd-724x1024.jpg 724w, https:\/\/www.banyuaiki.it\/archivio\/wp-content\/uploads\/2025\/03\/volantino-bya-firenze-25-busen_2-hd-212x300.jpg 212w, https:\/\/www.banyuaiki.it\/archivio\/wp-content\/uploads\/2025\/03\/volantino-bya-firenze-25-busen_2-hd-768x1086.jpg 768w, https:\/\/www.banyuaiki.it\/archivio\/wp-content\/uploads\/2025\/03\/volantino-bya-firenze-25-busen_2-hd-1086x1536.jpg 1086w, https:\/\/www.banyuaiki.it\/archivio\/wp-content\/uploads\/2025\/03\/volantino-bya-firenze-25-busen_2-hd-1448x2048.jpg 1448w, https:\/\/www.banyuaiki.it\/archivio\/wp-content\/uploads\/2025\/03\/volantino-bya-firenze-25-busen_2-hd-600x849.jpg 600w, https:\/\/www.banyuaiki.it\/archivio\/wp-content\/uploads\/2025\/03\/volantino-bya-firenze-25-busen_2-hd-scaled.jpg 1810w\" sizes=\"auto, (max-width: 724px) 100vw, 724px\" \/><\/a><\/figure>\n","protected":false},"excerpt":{"rendered":"<p>Nota archivioQuesta pagina appartiene alla precedente versione del sito. Orari, sedi, contatti e altre informazioni pratiche riportate qui possono non essere pi\u00f9 aggiornati. Per le informazioni attuali, consulta il sito corrente. Da ottobre 2024 abbiamo portato a Firenze la passione e l&#8217;esperienza ventennale del Banyuaiki D\u014dj\u014d di Roma, nel solco degli insegnamenti del Maestro Tada [&hellip;]<\/p>\n","protected":false},"author":1,"featured_media":0,"parent":0,"menu_order":0,"comment_status":"closed","ping_status":"closed","template":"","meta":{"footnotes":""},"class_list":["post-3752","page","type-page","status-publish","hentry"],"_links":{"self":[{"href":"https:\/\/www.banyuaiki.it\/archivio\/wp-json\/wp\/v2\/pages\/3752","targetHints":{"allow":["GET"]}}],"collection":[{"href":"https:\/\/www.banyuaiki.it\/archivio\/wp-json\/wp\/v2\/pages"}],"about":[{"href":"https:\/\/www.banyuaiki.it\/archivio\/wp-json\/wp\/v2\/types\/page"}],"author":[{"embeddable":true,"href":"https:\/\/www.banyuaiki.it\/archivio\/wp-json\/wp\/v2\/users\/1"}],"replies":[{"embeddable":true,"href":"https:\/\/www.banyuaiki.it\/archivio\/wp-json\/wp\/v2\/comments?post=3752"}],"version-history":[{"count":23,"href":"https:\/\/www.banyuaiki.it\/archivio\/wp-json\/wp\/v2\/pages\/3752\/revisions"}],"predecessor-version":[{"id":5262,"href":"https:\/\/www.banyuaiki.it\/archivio\/wp-json\/wp\/v2\/pages\/3752\/revisions\/5262"}],"wp:attachment":[{"href":"https:\/\/www.banyuaiki.it\/archivio\/wp-json\/wp\/v2\/media?parent=3752"}],"curies":[{"name":"wp","href":"https:\/\/api.w.org\/{rel}","templated":true}]}}

Banyuaiki Dōjō Firenze

<p class="wp-block-paragraph"><strong>Nota archivio</strong><br>Questa pagina appartiene alla precedente versione del sito. Orari, sedi, contatti e altre informazioni pratiche riportate qui possono non essere più aggiornati. Per le informazioni attuali, consulta il sito corrente.</p>



<blockquote class="wp-block-quote is-layout-flow wp-block-quote-is-layout-flow">
<p class="wp-block-paragraph">Da ottobre 2024 abbiamo portato a Firenze la passione e l&#8217;esperienza ventennale del Banyuaiki Dōjō di Roma, nel solco degli insegnamenti del Maestro Tada Hiroshi. Il corso è aperto a tutti dai&nbsp;15&nbsp;anni&nbsp;in&nbsp;su.</p>
</blockquote>



<p class="wp-block-paragraph"><em>Responsabile del Dōjō</em>: M° Marco La Pera, Aikikai 6° dan</p>



<p class="wp-block-paragraph"><em>Insegnante</em>: Michele Amico, Aikikai 2° dan</p>



<p class="wp-block-paragraph"><em>Orario delle lezioni</em>: martedì e giovedì 20:30 &#8211; 22:00.</p>



<p class="wp-block-paragraph">presso “<a href="https://www.busenfirenze.it/">Busen Firenze ASD</a>”<br>Via Giovanni Lanza, 5E<br>50136 Firenze</p>



<p class="wp-block-paragraph"><em>Per info</em>: Michele Amico (Whatsapp) +39 373 732 1681</p>



<p class="wp-block-paragraph">Michele Amico è nato a Palermo nel 1975. Dopo aver conseguito la laurea in Ingegneria Gestionale e il dottorato in Ingegneria della Produzione, si è trasferito per lavoro a Roma, dove ha vissuto fino al 2020. Dal 2005 al 2020 ha praticato aikidō presso il Banyuaiki Dōjō Roma con il Maestro Marco La Pera. Nel 2018 ha completato il percorso professionale di operatore shiatsu presso l’Accademia Italiana Shiatsu Do; ha svolto oltre 800 ore di pratica certificata ed ha approfondito tematiche specifiche come il trattamento del collo, dell’addome e di mani e piedi, nonché di discipline affini allo shiatsu come il massaggio tradizionale thailandese.</p>



<p class="wp-block-paragraph">Dal 2021 vive e lavora a Firenze.</p>



<figure class="wp-block-image size-large"><a href="https://www.banyuaiki.it/archivio/wp-content/uploads/2025/03/volantino-bya-firenze-25-busen_2-hd-scaled.jpg"><img loading="lazy" decoding="async" width="724" height="1024" src="https://www.banyuaiki.it/archivio/wp-content/uploads/2025/03/volantino-bya-firenze-25-busen_2-hd-724x1024.jpg" alt="" class="wp-image-4497" srcset="https://www.banyuaiki.it/archivio/wp-content/uploads/2025/03/volantino-bya-firenze-25-busen_2-hd-724x1024.jpg 724w, https://www.banyuaiki.it/archivio/wp-content/uploads/2025/03/volantino-bya-firenze-25-busen_2-hd-212x300.jpg 212w, https://www.banyuaiki.it/archivio/wp-content/uploads/2025/03/volantino-bya-firenze-25-busen_2-hd-768x1086.jpg 768w, https://www.banyuaiki.it/archivio/wp-content/uploads/2025/03/volantino-bya-firenze-25-busen_2-hd-1086x1536.jpg 1086w, https://www.banyuaiki.it/archivio/wp-content/uploads/2025/03/volantino-bya-firenze-25-busen_2-hd-1448x2048.jpg 1448w, https://www.banyuaiki.it/archivio/wp-content/uploads/2025/03/volantino-bya-firenze-25-busen_2-hd-600x849.jpg 600w, https://www.banyuaiki.it/archivio/wp-content/uploads/2025/03/volantino-bya-firenze-25-busen_2-hd-scaled.jpg 1810w" sizes="auto, (max-width: 724px) 100vw, 724px" /></a></figure>

<p>Nota archivioQuesta pagina appartiene alla precedente versione del sito. Orari, sedi, contatti e altre informazioni pratiche riportate qui possono non essere più aggiornati. Per le informazioni attuali, consulta il sito corrente. Da ottobre 2024 abbiamo portato a Firenze la passione e l&#8217;esperienza ventennale del Banyuaiki Dōjō di Roma, nel solco degli insegnamenti del Maestro Tada [&hellip;]</p>
